{"id":6,"date":"2019-12-28T09:36:18","date_gmt":"2019-12-28T09:36:18","guid":{"rendered":"http:\/\/xn--baumpflege-rbel-clb.de\/?page_id=6"},"modified":"2021-03-12T10:25:51","modified_gmt":"2021-03-12T09:25:51","slug":"willkommen","status":"publish","type":"page","link":"https:\/\/xn--baumpflege-rbel-clb.de\/","title":{"rendered":"Willkommen"},"content":{"rendered":"\n<div class=\"wp-block-image\"><figure class=\"alignright size-medium\"><img loading=\"lazy\" width=\"222\" height=\"300\" src=\"http:\/\/xn--baumpflege-rbel-clb.de\/wp-content\/uploads\/2021\/03\/161129_Baumpflege_Raebel_Web_0003-e1615211469621-222x300.jpg\" alt=\"\" class=\"wp-image-87\" srcset=\"https:\/\/xn--baumpflege-rbel-clb.de\/wp-content\/uploads\/2021\/03\/161129_Baumpflege_Raebel_Web_0003-e1615211469621-222x300.jpg 222w, https:\/\/xn--baumpflege-rbel-clb.de\/wp-content\/uploads\/2021\/03\/161129_Baumpflege_Raebel_Web_0003-e1615211469621-756x1024.jpg 756w, https:\/\/xn--baumpflege-rbel-clb.de\/wp-content\/uploads\/2021\/03\/161129_Baumpflege_Raebel_Web_0003-e1615211469621-768x1040.jpg 768w, https:\/\/xn--baumpflege-rbel-clb.de\/wp-content\/uploads\/2021\/03\/161129_Baumpflege_Raebel_Web_0003-e1615211469621-676x915.jpg 676w, https:\/\/xn--baumpflege-rbel-clb.de\/wp-content\/uploads\/2021\/03\/161129_Baumpflege_Raebel_Web_0003-e1615211469621.jpg 1008w\" sizes=\"(max-width: 222px) 100vw, 222px\" \/><figcaption>Gernot R\u00e4bel<\/figcaption><\/figure><\/div>\n\n\n\n<p>Herzlich Willkommen auf der Internetseite der Firma Baumpflege R\u00e4bel &#8211; Ihre Spezialisten rund um\u00a0Baumservice\u00a0und\u00a0Seilarbeitsverfahren f\u00fcr Baum, Struktur und Forstwirtschaft.<\/p>\n\n\n\n<p>Das t\u00e4gliche\nBestreben unserer Arbeit liegt im Werterhalt des \u00d6kosystems&nbsp;Baum&nbsp;und\ndie Zufriedenheit unserer Kunden.<br>\nUnsere Zielsetzung bei allen Ausf\u00fchrungen ist es, nachhaltig, ressourcen- und\numweltschonend zu handeln und gleichzeitig eine Ausgewogenheit zwischen\nKundenwunsch und Baumvertr\u00e4glichkeit herzustellen.<\/p>\n\n\n\n<p>N\u00e4here\nInformationen zu unserem Leistungsspektrum sowie zu unserem Team bieten wir\nIhnen auf dieser Seite.<\/p>\n","protected":false},"excerpt":{"rendered":"<p>Herzlich Willkommen auf der Internetseite der Firma Baumpflege R\u00e4bel &#8211; Ihre Spezialisten rund um\u00a0Baumservice\u00a0und\u00a0Seilarbeitsverfahren f\u00fcr Baum, Struktur und Forstwirtschaft. Das t\u00e4gliche Bestreben unserer Arbeit liegt im Werterhalt des \u00d6kosystems&nbsp;Baum&nbsp;und die Zufriedenheit unserer Kunden. Unsere Zielsetzung bei allen Ausf\u00fchrungen ist es, nachhaltig, ressourcen- und umweltschonend zu handeln und gleichzeitig eine Ausgewogenheit zwischen Kundenwunsch und Baumvertr\u00e4glichkeit herzustellen. [&hellip;]<\/p>\n","protected":false},"author":1,"featured_media":0,"parent":0,"menu_order":0,"comment_status":"closed","ping_status":"closed","template":"","meta":[],"_links":{"self":[{"href":"https:\/\/xn--baumpflege-rbel-clb.de\/index.php?rest_route=\/wp\/v2\/pages\/6"}],"collection":[{"href":"https:\/\/xn--baumpflege-rbel-clb.de\/index.php?rest_route=\/wp\/v2\/pages"}],"about":[{"href":"https:\/\/xn--baumpflege-rbel-clb.de\/index.php?rest_route=\/wp\/v2\/types\/page"}],"author":[{"embeddable":true,"href":"https:\/\/xn--baumpflege-rbel-clb.de\/index.php?rest_route=\/wp\/v2\/users\/1"}],"replies":[{"embeddable":true,"href":"https:\/\/xn--baumpflege-rbel-clb.de\/index.php?rest_route=%2Fwp%2Fv2%2Fcomments&post=6"}],"version-history":[{"count":8,"href":"https:\/\/xn--baumpflege-rbel-clb.de\/index.php?rest_route=\/wp\/v2\/pages\/6\/revisions"}],"predecessor-version":[{"id":99,"href":"https:\/\/xn--baumpflege-rbel-clb.de\/index.php?rest_route=\/wp\/v2\/pages\/6\/revisions\/99"}],"wp:attachment":[{"href":"https:\/\/xn--baumpflege-rbel-clb.de\/index.php?rest_route=%2Fwp%2Fv2%2Fmedia&parent=6"}],"curies":[{"name":"wp","href":"https:\/\/api.w.org\/{rel}","templated":true}]}}