{"id":12,"date":"2019-12-28T10:54:10","date_gmt":"2019-12-28T09:54:10","guid":{"rendered":"http:\/\/xn--baumpflege-rbel-clb.de\/?page_id=12"},"modified":"2021-03-05T12:07:06","modified_gmt":"2021-03-05T11:07:06","slug":"rund-um-den-baum","status":"publish","type":"page","link":"https:\/\/xn--baumpflege-rbel-clb.de\/?page_id=12","title":{"rendered":"Leistungsspektrum"},"content":{"rendered":"\n<p>Mit dem Team\nR\u00e4bel entscheiden Sie sich f\u00fcr Profis rund um den Baum. Wir sind ein Team aus\nprofessionellen Anwendern der Seilklettertechnik mit langj\u00e4hriger\nBerufserfahrung und fundiertem Fachwissen auf aktuellem Stand.<\/p>\n\n\n\n<p>F\u00fcr uns ist es von Bedeutung, dass alle Ausf\u00fchrungen unter dem Aspekt der Nachhaltigkeit durchgef\u00fchrt werden. Dies bedeutet f\u00fcr uns, den Wert des Baumes und seines Umfeldes zu erhalten und das \u00d6kosystem zu schonen. Deshalb ber\u00fcck- sichtigen wir die baumindividuelle Situation, die biologischen Eigenheiten des Baumes und die Besonderheiten des Baumumfeldes. Wir w\u00e4gen den Einsatz von Seilklettertechnik und Hubarbeitsb\u00fchne, mit R\u00fccksicht auf Erhalt des \u00d6kosystems &#8222;Baum&#8220;, der Effizienz und den Ressourcen, projektbezogen ab.<\/p>\n\n\n<style type=\"text\/css\">\n#foogallery-gallery-59.fg-justified .fg-item { margin-right: 2px; margin-bottom: 2px; }\n#foogallery-gallery-59.fg-justified .fg-image { height: 200px; }<\/style>\n\t\t\t<div class=\"foogallery foogallery-container foogallery-justified foogallery-lightbox-foobox fg-justified fg-ready fg-light fg-border-thin fg-shadow-outline fg-loading-default fg-loaded-fade-in fg-caption-always fg-hover-fade fg-hover-zoom2\" id=\"foogallery-gallery-59\" data-foogallery=\"{&quot;item&quot;:{&quot;showCaptionTitle&quot;:true,&quot;showCaptionDescription&quot;:false},&quot;lazy&quot;:true,&quot;template&quot;:{&quot;rowHeight&quot;:200,&quot;maxRowHeight&quot;:300,&quot;margins&quot;:2,&quot;align&quot;:&quot;center&quot;,&quot;lastRow&quot;:&quot;smart&quot;}}\" style=\"--fg-title-line-clamp: 0; --fg-description-line-clamp: 0;\" >\n\t<div class=\"fg-item fg-type-image fg-idle\"><figure class=\"fg-item-inner\"><a href=\"https:\/\/xn--baumpflege-rbel-clb.de\/wp-content\/uploads\/2021\/03\/161129_Baumpflege_Raebel_Web_0006.jpg\" data-attachment-id=\"60\" data-type=\"image\" class=\"fg-thumb\"><span class=\"fg-image-wrap\"><img height=\"300\" width=\"450\" class=\"skip-lazy fg-image\" data-src-fg=\"https:\/\/xn--baumpflege-rbel-clb.de\/wp-content\/uploads\/cache\/2021\/03\/161129_Baumpflege_Raebel_Web_0006\/1290293939.jpg\" src=\"data:image\/svg+xml,%3Csvg%20xmlns%3D%22http%3A%2F%2Fwww.w3.org%2F2000%2Fsvg%22%20width%3D%22450%22%20height%3D%22300%22%20viewBox%3D%220%200%20450%20300%22%3E%3C%2Fsvg%3E\" loading=\"eager\"><\/span><span class=\"fg-image-overlay\"><\/span><\/a><\/figure><div class=\"fg-loader\"><\/div><\/div><div class=\"fg-item fg-type-image fg-idle\"><figure class=\"fg-item-inner\"><a href=\"https:\/\/xn--baumpflege-rbel-clb.de\/wp-content\/uploads\/2021\/03\/161129_Baumpflege_Raebel_Web_0009.jpg\" data-attachment-id=\"61\" data-type=\"image\" class=\"fg-thumb\"><span class=\"fg-image-wrap\"><img height=\"300\" width=\"450\" class=\"skip-lazy fg-image\" data-src-fg=\"https:\/\/xn--baumpflege-rbel-clb.de\/wp-content\/uploads\/cache\/2021\/03\/161129_Baumpflege_Raebel_Web_0009\/3874994708.jpg\" src=\"data:image\/svg+xml,%3Csvg%20xmlns%3D%22http%3A%2F%2Fwww.w3.org%2F2000%2Fsvg%22%20width%3D%22450%22%20height%3D%22300%22%20viewBox%3D%220%200%20450%20300%22%3E%3C%2Fsvg%3E\" loading=\"eager\"><\/span><span class=\"fg-image-overlay\"><\/span><\/a><\/figure><div class=\"fg-loader\"><\/div><\/div><div class=\"fg-item fg-type-image fg-idle\"><figure class=\"fg-item-inner\"><a href=\"https:\/\/xn--baumpflege-rbel-clb.de\/wp-content\/uploads\/2021\/03\/161129_Baumpflege_Raebel_Web_0007.jpg\" data-attachment-id=\"62\" data-type=\"image\" class=\"fg-thumb\"><span class=\"fg-image-wrap\"><img height=\"300\" width=\"450\" class=\"skip-lazy fg-image\" data-src-fg=\"https:\/\/xn--baumpflege-rbel-clb.de\/wp-content\/uploads\/cache\/2021\/03\/161129_Baumpflege_Raebel_Web_0007\/1715316283.jpg\" src=\"data:image\/svg+xml,%3Csvg%20xmlns%3D%22http%3A%2F%2Fwww.w3.org%2F2000%2Fsvg%22%20width%3D%22450%22%20height%3D%22300%22%20viewBox%3D%220%200%20450%20300%22%3E%3C%2Fsvg%3E\" loading=\"eager\"><\/span><span class=\"fg-image-overlay\"><\/span><\/a><\/figure><div class=\"fg-loader\"><\/div><\/div><div class=\"fg-item fg-type-image fg-idle\"><figure class=\"fg-item-inner\"><a href=\"https:\/\/xn--baumpflege-rbel-clb.de\/wp-content\/uploads\/2021\/03\/161129_Baumpflege_Raebel_Web_0010.jpg\" data-attachment-id=\"63\" data-type=\"image\" class=\"fg-thumb\"><span class=\"fg-image-wrap\"><img height=\"300\" width=\"200\" class=\"skip-lazy fg-image\" data-src-fg=\"https:\/\/xn--baumpflege-rbel-clb.de\/wp-content\/uploads\/cache\/2021\/03\/161129_Baumpflege_Raebel_Web_0010\/146555242.jpg\" src=\"data:image\/svg+xml,%3Csvg%20xmlns%3D%22http%3A%2F%2Fwww.w3.org%2F2000%2Fsvg%22%20width%3D%22200%22%20height%3D%22300%22%20viewBox%3D%220%200%20200%20300%22%3E%3C%2Fsvg%3E\" loading=\"eager\"><\/span><span class=\"fg-image-overlay\"><\/span><\/a><\/figure><div class=\"fg-loader\"><\/div><\/div><div class=\"fg-item fg-type-image fg-idle\"><figure class=\"fg-item-inner\"><a href=\"https:\/\/xn--baumpflege-rbel-clb.de\/wp-content\/uploads\/2021\/03\/161129_Baumpflege_Raebel_Web_0011.jpg\" data-attachment-id=\"64\" data-type=\"image\" class=\"fg-thumb\"><span class=\"fg-image-wrap\"><img height=\"300\" width=\"200\" class=\"skip-lazy fg-image\" data-src-fg=\"https:\/\/xn--baumpflege-rbel-clb.de\/wp-content\/uploads\/cache\/2021\/03\/161129_Baumpflege_Raebel_Web_0011\/1188602244.jpg\" src=\"data:image\/svg+xml,%3Csvg%20xmlns%3D%22http%3A%2F%2Fwww.w3.org%2F2000%2Fsvg%22%20width%3D%22200%22%20height%3D%22300%22%20viewBox%3D%220%200%20200%20300%22%3E%3C%2Fsvg%3E\" loading=\"eager\"><\/span><span class=\"fg-image-overlay\"><\/span><\/a><\/figure><div class=\"fg-loader\"><\/div><\/div><\/div>\n\n\n\n\n<p><\/p>\n\n\n\n<p>Zu unserem Leistungsspektrum z\u00e4hlen:<\/p>\n\n\n\n<ul><li><strong>Baumpflege<\/strong>&nbsp;Schnittma\u00dfnahmen wie Erziehungsschnitt von Jung- und Obstb\u00e4umen, Kronenpflege bei Gro\u00dfb\u00e4umen und Naturdenkmalen, Verkehrssicherungsschnitt, Kronenentlastungsschnitt sowie der Einbau von Kronensicherungssystemen<\/li><li><strong>Baumf\u00e4llung<\/strong> vom F\u00e4llen in einem St\u00fcck bis hin zum st\u00fcckweise Abtragen mit SKT, Hubarbeitsb\u00fchne oder Kran<\/li><li><strong>Beratung und fachliche Stellungnahme<\/strong><\/li><li><strong>Baumkontrolle<\/strong><\/li><li><strong>Pflanzarbeiten<\/strong><\/li><li><strong>Holzentsorgung und Wurzelstockfr\u00e4sung<\/strong><\/li><li><strong>Ausbildung<\/strong> im Rahmen der SKT<\/li><\/ul>\n","protected":false},"excerpt":{"rendered":"<p>Mit dem Team R\u00e4bel entscheiden Sie sich f\u00fcr Profis rund um den Baum. Wir sind ein Team aus professionellen Anwendern der Seilklettertechnik mit langj\u00e4hriger Berufserfahrung und fundiertem Fachwissen auf aktuellem Stand. F\u00fcr uns ist es von Bedeutung, dass alle Ausf\u00fchrungen unter dem Aspekt der Nachhaltigkeit durchgef\u00fchrt werden. Dies bedeutet f\u00fcr uns, den Wert des Baumes [&hellip;]<\/p>\n","protected":false},"author":1,"featured_media":0,"parent":0,"menu_order":0,"comment_status":"closed","ping_status":"closed","template":"","meta":[],"_links":{"self":[{"href":"https:\/\/xn--baumpflege-rbel-clb.de\/index.php?rest_route=\/wp\/v2\/pages\/12"}],"collection":[{"href":"https:\/\/xn--baumpflege-rbel-clb.de\/index.php?rest_route=\/wp\/v2\/pages"}],"about":[{"href":"https:\/\/xn--baumpflege-rbel-clb.de\/index.php?rest_route=\/wp\/v2\/types\/page"}],"author":[{"embeddable":true,"href":"https:\/\/xn--baumpflege-rbel-clb.de\/index.php?rest_route=\/wp\/v2\/users\/1"}],"replies":[{"embeddable":true,"href":"https:\/\/xn--baumpflege-rbel-clb.de\/index.php?rest_route=%2Fwp%2Fv2%2Fcomments&post=12"}],"version-history":[{"count":5,"href":"https:\/\/xn--baumpflege-rbel-clb.de\/index.php?rest_route=\/wp\/v2\/pages\/12\/revisions"}],"predecessor-version":[{"id":68,"href":"https:\/\/xn--baumpflege-rbel-clb.de\/index.php?rest_route=\/wp\/v2\/pages\/12\/revisions\/68"}],"wp:attachment":[{"href":"https:\/\/xn--baumpflege-rbel-clb.de\/index.php?rest_route=%2Fwp%2Fv2%2Fmedia&parent=12"}],"curies":[{"name":"wp","href":"https:\/\/api.w.org\/{rel}","templated":true}]}}